?
35
Let r = -33 - -33. Suppose 6*m - 4 - 8 = r. Suppose -g - i = -0*g - 169, -m*i - 169 = -g. Calculate the highest common factor of g and 13.
13
Let d(j) = -21*j - 9. Let l be d(-6). Let g be 44 - (-20)/(-8)*2. Suppose -37*y - g = -38*y. What is the greatest common divisor of l and y?
39
Let l(s) = 4*s**2 - 6*s - 75. Let g be l(-4). Calculate the greatest common divisor of g and 12701.
13
Suppose 678*n - 606 = 665*n + 1188. Let r = 339 + -132. Calculate the greatest common divisor of r and n.
69
Let r(h) be the third derivative of h**6/60 - h**5/12 + 5*h**4/24 - 23*h**3/6 + 271*h**2. Let k be r(4). What is the highest common divisor of k and 9?
9
Let q = -712 - -778. Suppose -63*y + q*y - 258 = 0. What is the highest common divisor of 215 and y?
43
Suppose 0 = -2*w + m + 172, 0 = -5*m + 14 - 34. Let y = 90 - w. What is the greatest common factor of 96 and y?
6
Let h be 0 + 4 - 1 - -52. Let k = -216 + 225. Suppose 2*x - 1 + 3 = 4*s, 3*s - k = 0. Calculate the greatest common factor of x and h.
5
Let i be ((-12)/7)/((-6)/(-21)). Let g be (4 + -7 + i)*-5. Let u = g - 24. Calculate the greatest common divisor of u and 21.
21
Suppose 148 = 5*q + 12*h - 10*h, q - 2*h = 32. Let p be (17 - 234/q)/(1/10). Suppose 2 = -y + 6. What is the highest common factor of y and p?
4
Let p = 78 + -53. Let k(l) = 19*l + 24. Suppose 2*m = 7 + 1. Let g be k(m). Calculate the highest common factor of p and g.
25
Suppose -45 = -z - 5*d, -3*z - d + 200 = 23. Calculate the greatest common divisor of z and 165.
15
Suppose -9*v + 2*v = 2*v. Suppose v*h + 720 = 20*h. Suppose 3*t = -2*m + 5 + 49, -2*t = 4*m - 100. Calculate the greatest common divisor of m and h.
12
Let a(l) = 1606*l - 1591. Let w be a(1). What is the highest common divisor of w and 815?
5
Suppose -p + 5*p = 4*i + 944, -p + 2*i + 235 = 0. Let u = p - 117. Suppose 4*y - 120 = z, 3*z + 68 = 3*y - 22. Calculate the highest common divisor of y and u.
30
Suppose 3*h + 3*o = -42 + 39, -4*o = -4*h + 28. Calculate the highest common divisor of h and 1176.
3
Let m = -4232 + 7417. Calculate the greatest common factor of 65 and m.
65
Suppose -12*y + 14*y = -k + 659, 5*k + 3*y = 3351. Calculate the greatest common divisor of k and 432.
27
Suppose 85 = 5*o - 5*c, 0 = 1077*o - 1075*o - 4*c - 20. Let p(x) = 2*x - 10. Let w be p(9). Suppose -i = -2*i + w. What is the highest common factor of i and o?
8
Let a be 5/2*2016/120. Suppose 33*u = a*u - 126. Suppose -m - 2*m = s - 163, 0 = -2*m - s + 107. What is the highest common factor of m and u?
14
Let i(b) = b**2 + 14*b - 139. Let a be i(-22). What is the highest common factor of 6179 and a?
37
Let r(x) = 5*x**3 - 49*x**2 + 193*x + 2. Let o be r(7). Calculate the greatest common factor of 46 and o.
23
Let h be 312/(-16)*((-1)/2)/(15/20). Calculate the greatest common factor of h and 4459.
13
Let o(i) = -i**3 + 4*i**2 + 74*i + 15. Let h be o(10). Calculate the highest common divisor of 90 and h.
5
Let n(y) = -7*y - 143. Let h be n(-21). Suppose 3*i = -h*f + 1374, -13*f - 2319 = -5*i - 10*f. Calculate the greatest common factor of i and 42.
42
Let v be (-10)/3*102/5*-2. Suppose v = -6*h + 8*h. What is the highest common divisor of 374 and h?
34
Let j(g) = -2 - 5*g + 12*g + 9. Let c be j(6). Suppose -381*t - 210*t + 812 = -475*t. Calculate the highest common divisor of c and t.
7
Let p(z) = -5*z - 1. Let r(m) = 6*m. Let n(b) = -5*p(b) - 4*r(b). Let c be (0 - 6)/((-4)/4). Let l be n(c). Calculate the highest common divisor of l and 33.
11
Suppose -40*g - 64906 = -57*g. Calculate the greatest common divisor of g and 92.
46
Let b(s) = s**3 + 4*s**2 - 6*s - 8. Let x be b(-3). Suppose 71 = 15*i - x. What is the greatest common divisor of i and 192?
6
Let h = -22952 + 22970. Suppose 2*j - 4*j = -684. What is the greatest common divisor of h and j?
18
Let m = -4352 - -4361. Suppose -9 = w - 25. Let i = w - m. Calculate the highest common factor of 14 and i.
7
Suppose 4*j = d - 38 - 2, 3*j + 5*d = -30. Let s be j/45 - (4 + (-5404)/18). Calculate the greatest common divisor of 74 and s.
74
Let b be (250/(-40))/(-3 - 88/(-32)). Suppose 802 = 5*c - 73. Calculate the greatest common divisor of c and b.
25
Suppose -2*g + 3*g = t, 4*g = -4*t. Suppose -9*v + 44 + 28 = t. Let f be 12/7*(-49)/(-14). What is the greatest common divisor of f and v?
2
Let m = -137 - -197. Let u be (35/10)/1 - 2/(-4). Suppose 10*o - u*o - m = 0. Calculate the highest common factor of 20 and o.
10
Let a be (1 - -207) + -9 + (-6)/(-1). Calculate the highest common factor of a and 287.
41
Suppose 0 = 5*n + 3*f - 147, 44 = 3*n + 5*f - 41. Let g = -29 + n. Let u be -36 + 36 + -1*(g + -9). What is the greatest common divisor of 8 and u?
8
Let z = -1223 + 2393. What is the greatest common factor of z and 10?
10
Suppose -5*g = 5*t - 1275, -1111 + 1366 = t + 5*g. Calculate the highest common divisor of t and 915.
15
Let f be (33 + -45 - 42) + 190. Suppose -t = -9 - 42. Calculate the highest common factor of t and f.
17
Suppose -1421 = -18*h + 25*h. Let c = h + 222. Calculate the highest common factor of c and 304.
19
Suppose 0*a - 48 = -4*a. Let k be (9/(-6))/(-6 - (-55)/10). Let j be (-5)/60*4 - (-49)/k. Calculate the highest common factor of j and a.
4
Let c be ((-56)/(-16))/(1/12*2). Suppose -240 = -c*r + 264. Calculate the greatest common divisor of 248 and r.
8
Let k = -5069 + 5301. Let u be 29 + (0 - 3) + 3. Calculate the highest common factor of u and k.
29
Suppose -76*a - 5259 = -79435. What is the highest common factor of 144 and a?
16
Let f = 1256 + -603. Let t = f - 613. Calculate the greatest common factor of 540 and t.
20
Suppose 4*t - 644 = -4*l, -13 = 3*l - 2*t - 491. What is the greatest common factor of 30 and l?
10
Suppose -o + q = -3*q + 472, -2*q = 2*o + 944. Let s = 88 - o. What is the highest common divisor of s and 35?
35
Let y = -5701 + 5745. Calculate the highest common factor of 15697 and y.
11
Let j(y) = y**3 - 6*y**2 + 18*y - 5. Let n be j(5). Let i be (24/18)/(1/18). Calculate the greatest common factor of n and i.
12
Let u be (-4)/26 + 460/(-52). Let k be (-1)/(3/u - 8/12). Let n(l) = l - 3. Let w be n(4). Calculate the highest common factor of k and w.
1
Let l(y) = 83*y - 145. Let a be l(4). Calculate the greatest common factor of a and 2227.
17
Suppose -225372 - 342360 = -92*n. What is the greatest common factor of n and 17?
17
Suppose -m + 156 = 6*j, 111 = 14*j - 11*j - 5*m. What is the highest common divisor of j and 33?
3
Let i(h) = 3*h**2 - 7*h - 83. Let r be i(-8). Suppose -190*j = -193*j + r. What is the highest common divisor of j and 11?
11
Let y = 3814 + -3800. What is the greatest common divisor of y and 7?
7
Suppose 0 = -17*g + 18256 - 6220. Let u = 59 + -47. Calculate the greatest common divisor of g and u.
12
Suppose -g - 149 + 3 = -5*m, 12 = -2*g. Calculate the highest common factor of m and 116.
4
Suppose -n - 8*u + 208 = -6*u, -4*u + 812 = 4*n. What is the highest common divisor of 6138 and n?
198
Suppose 0 = 4*k - 2*g + 6741 + 297, 2*k - 5*g + 3539 = 0. Let s = k - -2901. Calculate the greatest common divisor of 104 and s.
104
Let g(p) = -4*p**2 + 74*p - 131. Let q be g(2). What is the greatest common divisor of q and 1193?
1
Let x(d) = 2*d**3 - 73*d**2 + 16*d - 1904. Let r be x(37). Suppose w = -2*w + 456. What is the highest common divisor of w and r?
19
Let c(l) = 13*l**2 - 123*l + 1072. Let n be c(8). Calculate the highest common divisor of 184 and n.
184
Suppose -10039 - 1401 = -26*x. Suppose -3*v = y - 129, -126 = -8*v + 5*v - 2*y. Calculate the highest common factor of x and v.
44
Suppose 0 = -2*q - 4*p - 12, q - 3*q + 13 = -p. Suppose 3*c - 13 = -q, -362 = -5*g + c. Suppose g + 143 = 4*y. Calculate the greatest common factor of y and 81.
27
Let z(s) = 128*s - 59. Let t be z(-2). Let f = -247 - t. What is the greatest common factor of f and 4?
4
Let k(m) = -8*m + 69 - m**2 - 23 - 4*m. Let v(i) = -4*i + 6. Let w be v(5). Let q be k(w). Calculate the greatest common divisor of q and 24.
6
Let w = -1818 - -2098. What is the highest common factor of 910 and w?
70
Let c(w) = 6*w**3 + w**2 + 6*w - 8. Let d be c(1). What is the highest common factor of 9 and d?
1
Suppose 0 = 7*h - 10*h + 3198. Let f = h + -714. Calculate the greatest common divisor of 32 and f.
32
Let x